(s). What is y(-7)?
-6
Suppose 4*g - 22*u + 56 = -20*u, -5*u = g - 8. Let b(z) = -z**3 - 12*z**2 + 2*z + 24. Give b(g).
0
Let a(r) = -5*r**2 + 2*r + 1. Let k(p) = 21*p**2 - 29*p + 89. Let f(c) = 4*a(c) + k(c). Calculate f(13).
-11
Let l(i) = -4 - 8*i + 2 + 4 + 2 + 5. What is l(2)?
-7
Suppose -4*v - 108 = -2*v - 3*m, 5*v - m = -283. Let f be (4/6)/(v/27 + 2). Let t(c) = -c**3 - 7*c**2 - 5*c + 2. What is t(f)?
-4
Let w(g) = g**3 + 17*g**2 - 135*g + 63. Let x = -39554 - -39531. Give w(x).
-6
Let c(a) = 2*a + 10. Let q(w) = 4*w**2 - 27*w - 18. Let t be q(8). Let n = -32 + t. Determine c(n).
-10
Let v(m) = 3*m**2 - m - 24. Let h(y) = 8*y**2 - 3*y - 67. Let s(r) = 4*h(r) - 11*v(r). Determine s(0).
-4
Let p(u) = -u + 12. Let v be (3/(-2))/(11 + 4475/(-400)). Calculate p(v).
4
Let f(a) = a**3 - 7*a**2 + a - 4. Let o be f(7). Let z(x) = -6*x**o + 2*x + 0 - 5 + 6 + 4*x**3. Let m be 60/(-29) + (-156)/(-2262). Determine z(m).
13
Let d(u) = 114*u - 24*u - 26*u - 44 - 29*u - 32*u. Calculate d(16).
4
Let s be (-1769)/(-87) + 2/(-6). Let a be (-12)/4*s/(-12). Let v(j) = 3*j**3 - 2*j**2 + 2 - 4*j**3 - 7*j**2 + a*j**2. Give v(-2).
-6
Let s(m) be the first derivative of m**4/12 - m**3/6 - 2*m**2 + 4*m - 46. Let u(l) be the second derivative of s(l). Determine u(-4).
-9
Let w(r) = -r - 15. Let m(t) = -5*t - 70. Let h(x) = -2*m(x) + 9*w(x). Give h(-4).
1
Let u(t) = t**3 + 3*t**2 + 1. Let k = 195 - 196. Let m be (-78)/18 - k - 1/(-3). Give u(m).
1
Let j(g) = 1497*g**2 + 1 + 1520*g**2 - 4537*g**2 + 15*g + 3 + 1522*g**2. What is j(-7)?
-3
Let t(g) = 5 + 10 - 66*g + 1 + 65*g - 1. Let z be (-33)/6*(-2 + 0). Determine t(z).
4
Suppose 16*j = -96*j - 672. Let p(v) = -6*v - 22. Determine p(j).
14
Let k(m) = 6*m + 77. Let f(u) = -11*u - 139. Let z(l) = 5*f(l) + 9*k(l). Determine z(8).
-10
Let h(a) be the second derivative of a**3/6 + 22*a**2 - 166*a + 3. Determine h(-20).
24
Let w(c) = -2*c**2 + 2*c - 13. Let n be ((5/20)/(2/(-18)))/((-1266)/1688). Determine w(n).
-25
Let n(k) = 3*k + 20. Let x(j) = -31 - 8*j - 50 - 5*j. Let v(z) = -9*n(z) - 2*x(z). Suppose 192*s = 76*s + 66*s + 77*s. Determine v(s).
-18
Let h(r) be the first derivative of -5*r**2/2 + 41*r + 2076. Determine h(7).
6
Let m be (3 - 10) + (0 - (-8 - -2)) + 1. Let h(p) be the second derivative of m - 16*p - 1/2*p**2 + 7/6*p**3. Calculate h(2).
13
Let b = -35 + 39. Suppose 3*k + 5 + 5 = 5*c, b*k = 0. Let d(q) = 11*q - 3 + 4 + c + 7 + q**2. Determine d(-11).
10
Let v(b) = -b + 1. Suppose -9 + 49 = 8*t. Suppose h = -4*m - 15, 0 = -t*h - m + 3 - 2. Let r(u) = u - 11. Let q(x) = h*r(x) + 4*v(x). Determine q(-6).
11
Let g(q) be the third derivative of q**5/60 + q**4/4 + q**3/3 + q**2. Suppose 0 = -1153*b + 1171*b + 72. Calculate g(b).
-6
Let t(o) = -o**3 + 10. Let i = 56 - 53. Let h(q) = 2*q**2 - 1 + 5*q**3 + 3*q**i - 7*q**3. Let s be h(-1). Calculate t(s).
10
Let i(v) be the first derivative of -4*v**2 + 17*v - 720. Calculate i(-3).
41
Let r(b) = -7*b**2 - 17*b + 7. Let p be (-162)/(-36)*8/(-12). Give r(p).
-5
Let b(j) = j + 47. Suppose 250 = -1089*m + 1064*m. Determine b(m).
37
Let f(m) = 12*m + 19. Suppose l - 31 = 5*y - 35, 2*l + 4*y + 8 = 0. Calculate f(l).
-29
Let x(a) = a**3 + 14*a**2 + 16*a + 17. Let w(t) be the second derivative of -t**4/3 + 22*t**3/3 - 13*t**2/2 + 137*t. Let b be w(11). Give x(b).
-22
Let z(v) = -v. Let j(f) = -5*f - 15. Suppose 135 = 9*h + 126. Let x(d) = h*j(d) - 4*z(d). Calculate x(-5).
-10
Let q = 137 - 136. Let k(g) be the second derivative of g**5/20 + g**4/12 - g**3/6 + 195*g. Determine k(q).
1
Let u be (3 - (-24)/(-6)) + 2. Let r(z) = 4*z + 4*z**2 + 0*z + u - 3*z**2 + 5. Suppose 5*q = -3*g - 1 - 10, 3*g = -2*q + 1. What is r(q)?
6
Let a(d) = -8*d + 4. Suppose 210*x - 156 = 171*x. Determine a(x).
-28
Let q = 3451 + -3445. Let b(w) = -6*w + 9. Calculate b(q).
-27
Let z = 43 + -40. Let w(l) = -955*l**2 + 0*l + 954*l**2 + z*l - 7 + 4*l. What is w(5)?
3
Suppose -337 = -11*l - 18. Suppose 0 = z + 35 - l. Let n(j) = -j**3 - 6*j**2 - j. Give n(z).
6
Suppose -3*o + 29 = -2*c, -3*o = 5*c - 9*c - 61. Let i(x) = 2*x + 38. Determine i(c).
6
Suppose 5*y + 24 = -21*f + 17*f, 3*f + 5*y = -28. Let j(k) be the third derivative of 0 + 1/24*k**f + 0*k + 1/6*k**3 + 2*k**2. Determine j(-4).
-3
Let i(x) = 7*x - 1. Let k(y) = -15*y + 2. Let b(o) = 5*o**2 + 2*o - 2. Let r be b(-4). Let j = 64 - r. Let t(w) = j*k(w) - 13*i(w). What is t(1)?
0
Let t(r) = -9*r + 86*r**2 + 526841 - 526807 - 85*r**2. Determine t(12).
70
Let q(x) = -3*x**2 - 5*x + 7. Suppose 8 = -2*s + 2*n, s - 17 = -2*n - 12. Let m(f) = f**2. Let u(b) = s*q(b) - 2*m(b). Determine u(-4).
-11
Let u(b) = -b**2 + 5*b - 3. Suppose 3*k + 4*m = 43, k + 2*m = -2 + 17. Suppose 43 = 4*g - k. Suppose 0 = g*h - 17*h + 18. Determine u(h).
-9
Let i(b) = -b**3 - 12*b**2 - 4*b - 15. Suppose -1164 = 189*n + 1104. Determine i(n).
33
Suppose -15*k + 37 - 7 = 0. Let t(l) = -16*l**2 + l - 27 - l - l - 7*l**2 + 24*l**k. Give t(0).
-27
Let l(u) be the first derivative of -98 + 5*u + 1/2*u**2. Determine l(1).
6
Let q(j) = -2*j + 5. Let h(z) = 1. Let l(y) = -2*h(y) - q(y). Let p = 112307 - 112303. Calculate l(p).
1
Let b(v) = -2*v + 1. Suppose 0 = 4*x + 855 - 783. Let y(i) = 42*i - 24. Let h(l) = x*b(l) - y(l). Give h(-7).
48
Let o(x) = 2853111*x - 5*x**3 + 3*x**3 - 90*x**2 + 31*x**2 - 2853140*x + 9. Give o(-29).
9
Let n = -117 + 108. Let j(t) be the second derivative of t**5/20 + 5*t**4/6 + 3*t**3/2 - 13*t**2/2 + 1000*t. What is j(n)?
-13
Let t(c) = -164 + 2*c**2 + 72 + 72 + 7*c - 6*c. Let i be t(3). Let h(p) = -2*p**2 - p + 1. Calculate h(i).
-2
Let s(q) = 35*q**2 + 12*q - 45 + 3*q - 8 - 36*q**2. Let l be s(10). Let h(i) = -5 - 6*i + 2 + 2*i. Calculate h(l).
9
Let x = 951 + -940. Let z(b) = -b**2 + 9*b + 18. Determine z(x).
-4
Let n(m) = 16*m - 20. Suppose 3*t = -4*a + 29, a - 2*t - 3 + 15 = 0. What is n(a)?
12
Let c(q) = q**3 + 6*q**2 + 4*q - 5. Suppose 48*d = -15 - 81. Let p be -1*(d/(-8) - (-114)/24). Give c(p).
0
Suppose -5*l = 4*i + 7, -665 + 671 = -2*i - 2*l. Let z(m) = 21*m + 64. Give z(i).
-104
Let n(m) = 247*m + 16 - 494*m + 244*m. Let d(b) = b - 1. Let y(i) = 2*d(i) + n(i). Determine y(11).
3
Let f(l) = -42*l**2 - 3321*l - 247. Let d be f(-79). Let h(g) be the second derivative of -g**3/3 - 15*g**2/2 - 2*g. Calculate h(d).
5
Let f(i) = i**3 + 9*i**2 + 3*i + 3. Suppose 21 + 114 = 9*a. Let g(w) = 10*w - 159. Let d be g(a). Give f(d).
-24
Let s(a) = -6*a - 3. Suppose -8*u + 1367 = 1383. What is s(u)?
9
Let o(p) = -9*p - 11. Let b = 6075 + -6068. Give o(b).
-74
Let u(y) = -2*y + 20. Let c(o) = -2. Suppose s - 87 = -88. Let v(n) = s*u(n) - 8*c(n). Suppose -4*b - 1 = -13. Determine v(b).
2
Suppose -42*t - 2*t - 176 = 0. Let p(k) be the third derivative of 0 + 1/6*k**4 + 2/3*k**3 + 0*k - 2*k**2 + 1/60*k**5. Calculate p(t).
4
Let c(m) = 5*m**2 + 24*m + 151. Let s(i) = -9*i**2 - 46*i - 270. Let f(t) = -11*c(t) - 6*s(t). Calculate f(17).
-126
Let d(q) = 7*q**3 - 9*q**2 - 2*q - 1. Let s(w) = -6*w**3 + 7*w**2 + 2*w + 1. Let k(x) = -4*d(x) - 5*s(x). Let o be k(-2). Let t(r) = 3*r + 21. Calculate t(o).
-6
Let w(t) = -t**2 - 8*t - 5. Let l be (-30)/4*4/(-6). Suppose 6 = q + l. Let p(g) = g - 1. Let v(u) = q*p(u) + w(u). Calculate v(-5).
4
Let o(w) = -121502 + 242998 + 10*w - 121505. What is o(7)?
61
Let f = 123 + -125. Let z be (0 - (0 + f)) + -2 + -2. Let i(m) = 6*m. Let j(k) = -k. Let r(s) = i(s) + 5*j(s). Determine r(z).
-2
Let d(p) = -3*p + 131. Let r(v) = 13*v - 478. Let k(x) = -15*d(x) - 4*r(x). What is k(-6)?
-11
Let p(d) = -13*d**2. Suppose -5*m + 0 = -a - 1, -7 = -2*a + m. Suppose a*k = -0*k + 4*y - 16, 0 = -k + 5*y - 24. Calculate p(k).
-13
Suppose -395*c = -381*c - 56. Let f be (c/(-6))/(3/(-9)). Let s(b) = -2*b**3 + b**2 - 2*b. Give s(f).
-16
Let f be (5 + (5 - 14 - -7) - 1)/2. Let h(q) = -14*q**3 + q**2 + 2*q - 2. What is h(f)?
-13
Let f(j) = j + 2. Let w(u) = 10*u - 112. Let b be w(10). Let p be (-36)/b*15/(-9). What is f(p)?
-3
Let l(v) = -v**3 + 2*v**2 + 9*v + 7. Let w(j) = -j**3 + 126*j**2 + 395*j - 1037. Let f be w(129). Calculate l(f).
137
Let i(t) = 0*t**2 + 4 - 2*t**2 - 7*t + t**2. Let h = 419 - 411. Suppose h = 4*c, -c + 7 = 4*u + 37. Give i(u).
-4
Let f(h) be the first derivative of -2 - 1/2*h**2 - 4*h. Suppose -3*b + 4*b + 5 = 0, k = 3*b + 21. C